{"id":10551,"date":"2024-10-22T11:18:01","date_gmt":"2024-10-22T09:18:01","guid":{"rendered":"https:\/\/sulima.pl\/?page_id=10551"},"modified":"2024-10-22T11:29:18","modified_gmt":"2024-10-22T09:29:18","slug":"usluga-mycia-i-czyszczenia-blach-piekarniczych","status":"publish","type":"page","link":"https:\/\/sulima.pl\/index.php\/nasze-uslugi-i-realizacje\/usluga-mycia-i-czyszczenia-blach-piekarniczych\/","title":{"rendered":"Us\u0142uga mycia i czyszczenia blach piekarniczych"},"content":{"rendered":"[vc_row type=&#8221;in_container&#8221; full_screen_row_position=&#8221;middle&#8221; column_margin=&#8221;default&#8221; column_direction=&#8221;default&#8221; column_direction_tablet=&#8221;default&#8221; column_direction_phone=&#8221;default&#8221; scene_position=&#8221;center&#8221; text_color=&#8221;dark&#8221; text_align=&#8221;left&#8221; row_border_radius=&#8221;none&#8221; row_border_radius_applies=&#8221;bg&#8221; overlay_strength=&#8221;0.3&#8243; gradient_direction=&#8221;left_to_right&#8221; shape_divider_position=&#8221;bottom&#8221; bg_image_animation=&#8221;none&#8221;][vc_column column_padding=&#8221;no-extra-padding&#8221; column_padding_tablet=&#8221;inherit&#8221; column_padding_phone=&#8221;inherit&#8221; column_padding_position=&#8221;all&#8221; background_color_opacity=&#8221;1&#8243; background_hover_color_opacity=&#8221;1&#8243; column_shadow=&#8221;none&#8221; column_border_radius=&#8221;none&#8221; column_link_target=&#8221;_self&#8221; gradient_direction=&#8221;left_to_right&#8221; overlay_strength=&#8221;0.3&#8243; width=&#8221;1\/1&#8243; tablet_width_inherit=&#8221;default&#8221; tablet_text_alignment=&#8221;default&#8221; phone_text_alignment=&#8221;default&#8221; column_border_width=&#8221;none&#8221; column_border_style=&#8221;solid&#8221; bg_image_animation=&#8221;none&#8221;][vc_column_text]&nbsp;<\/p>\n<p>W piekarniach i zak\u0142adach produkcyjnych czysto\u015b\u0107 narz\u0119dzi ma kluczowe znaczenie dla jako\u015bci wypiek\u00f3w oraz bezpiecze\u0144stwa sanitarnego. Regularne i dok\u0142adne czyszczenie stalowych blach i form piekarniczych zapobiega osadzaniu si\u0119 resztek ciasta, t\u0142uszczu i innych zanieczyszcze\u0144, kt\u00f3re mog\u0105 negatywnie wp\u0142ywa\u0107 na smak i tekstur\u0119 wypiek\u00f3w. Zaniedbanie tego procesu prowadzi do pogorszenia jako\u015bci produkt\u00f3w, a tak\u017ce zwi\u0119ksza ryzyko problem\u00f3w zdrowotnych, wynikaj\u0105cych z bakterii i ple\u015bni.<\/p>\n<h2>Specjalistyczna us\u0142uga czyszczenia blach piekarniczych<\/h2>\n<p><a href=\"https:\/\/sulima.pl\/wp-content\/uploads\/2021\/02\/blach2.jpg\"><img loading=\"lazy\" decoding=\"async\" class=\"size-medium wp-image-6122 alignleft\" src=\"https:\/\/sulima.pl\/wp-content\/uploads\/2021\/02\/blach2-300x225.jpg\" alt=\"\" width=\"300\" height=\"225\" srcset=\"https:\/\/sulima.pl\/wp-content\/uploads\/2021\/02\/blach2-300x225.jpg 300w, https:\/\/sulima.pl\/wp-content\/uploads\/2021\/02\/blach2-600x450.jpg 600w, https:\/\/sulima.pl\/wp-content\/uploads\/2021\/02\/blach2-1024x768.jpg 1024w, https:\/\/sulima.pl\/wp-content\/uploads\/2021\/02\/blach2-768x576.jpg 768w, https:\/\/sulima.pl\/wp-content\/uploads\/2021\/02\/blach2-1536x1152.jpg 1536w, https:\/\/sulima.pl\/wp-content\/uploads\/2021\/02\/blach2.jpg 1600w\" sizes=\"(max-width: 300px) 100vw, 300px\" \/><\/a>Nasza us\u0142uga obejmuje profesjonalne czyszczenie blach i form wykonanych ze stali, z naciskiem na blachy do chleba. Proces odbywa si\u0119 na terenie naszego zak\u0142adu, co pozwala w pe\u0142ni kontrolowa\u0107 ka\u017cdy etap pracy \u2013 od usuni\u0119cia zanieczyszcze\u0144 po zabezpieczenie powierzchni blach. Dzi\u0119ki zastosowaniu specjalistycznych \u015brodk\u00f3w czyszcz\u0105cych i nowoczesnych technik przywracamy formom ich pierwotn\u0105 funkcjonalno\u015b\u0107 oraz estetyk\u0119, jednocze\u015bnie dbaj\u0105c o to, by proces w \u017caden spos\u00f3b nie uszkodzi\u0142 powierzchni stalowych.<\/p>\n<h2>Profesjonalne czyszczenie stalowych blach &#8211; kluczowe korzy\u015bci dla piekarni i zak\u0142ad\u00f3w produkcyjnych<\/h2>\n<p>Profesjonalne czyszczenie blach piekarniczych jest nieodzowne w bran\u017cy piekarniczej oraz spo\u017cywczej. Regularne korzystanie z naszych us\u0142ug przek\u0142ada si\u0119 na d\u0142u\u017csz\u0105 \u017cywotno\u015b\u0107 sprz\u0119tu, co z kolei obni\u017ca koszty zakupu nowych form i blach. Co wi\u0119cej, zapewnienie odpowiednich standard\u00f3w higieny ma kluczowe znaczenie w spe\u0142nianiu norm sanitarnych, co jest istotne w ka\u017cdej bran\u017cy zwi\u0105zanej z produkcj\u0105 \u017cywno\u015bci. W efekcie, dzi\u0119ki naszym us\u0142ugom, zak\u0142ady mog\u0105 produkowa\u0107 zdrowe i smaczne wyroby, bez obaw o niepo\u017c\u0105dane zanieczyszczenia.<\/p>\n<h3>Us\u0142uga mycia i czyszczenia blach piekarniczych &#8211; jak dzia\u0142amy?<\/h3>\n<p>Ca\u0142y proces czyszczenia blach stalowych odbywa si\u0119 na terenie naszego zak\u0142adu. Zastosowanie odpowiednich \u015brodk\u00f3w oraz technologii gwarantuje, \u017ce ka\u017cda blacha zostanie starannie oczyszczona, a wszelkie zabrudzenia, t\u0142uszcze i przypalenia skutecznie usuni\u0119te. Jeste\u015bmy w stanie obs\u0142u\u017cy\u0107 zar\u00f3wno ma\u0142e, jak i wi\u0119ksze zak\u0142ady produkcyjne, oferuj\u0105c elastyczno\u015b\u0107 i dostosowanie naszych us\u0142ug do indywidualnych potrzeb klienta.<\/p>\n<p>Zapraszamy do skorzystania z naszych us\u0142ug \u2013 profesjonalizm, niezawodno\u015b\u0107 oraz dba\u0142o\u015b\u0107 o szczeg\u00f3\u0142y to nasza specjalno\u015b\u0107![\/vc_column_text][\/vc_column][\/vc_row]\n","protected":false},"excerpt":{"rendered":"<p>[vc_row type=&#8221;in_container&#8221; full_screen_row_position=&#8221;middle&#8221; column_margin=&#8221;default&#8221; column_direction=&#8221;default&#8221; column_direction_tablet=&#8221;default&#8221; column_direction_phone=&#8221;default&#8221; scene_position=&#8221;center&#8221; text_color=&#8221;dark&#8221; text_align=&#8221;left&#8221; row_border_radius=&#8221;none&#8221; row_border_radius_applies=&#8221;bg&#8221; overlay_strength=&#8221;0.3&#8243; gradient_direction=&#8221;left_to_right&#8221; shape_divider_position=&#8221;bottom&#8221; bg_image_animation=&#8221;none&#8221;][vc_column column_padding=&#8221;no-extra-padding&#8221; column_padding_tablet=&#8221;inherit&#8221; column_padding_phone=&#8221;inherit&#8221; column_padding_position=&#8221;all&#8221; background_color_opacity=&#8221;1&#8243; background_hover_color_opacity=&#8221;1&#8243; column_shadow=&#8221;none&#8221; column_border_radius=&#8221;none&#8221; column_link_target=&#8221;_self&#8221;&#8230;<\/p>\n","protected":false},"author":57,"featured_media":0,"parent":5956,"menu_order":0,"comment_status":"closed","ping_status":"closed","template":"","meta":{"footnotes":""},"yoast_head":"<!-- This site is optimized with the Yoast SEO plugin v23.6 - https:\/\/yoast.com\/wordpress\/plugins\/seo\/ -->\n<title>Us\u0142ugowe czyszczenie blach i form piekarniczych \u2013 d\u0142u\u017csza \u017cywotno\u015b\u0107 sprz\u0119tu<\/title>\n<meta name=\"description\" content=\"Chcesz zadba\u0107 o higien\u0119 w swojej piekarni? Profesjonalne czyszczenie blach piekarniczych na terenie naszego zak\u0142adu \u2013 bezpieczne i skuteczne us\u0142ugi dla piekarni.\" \/>\n<meta name=\"robots\" content=\"index, follow, max-snippet:-1, max-image-preview:large, max-video-preview:-1\" \/>\n<link rel=\"canonical\" href=\"https:\/\/sulima.pl\/index.php\/nasze-uslugi-i-realizacje\/usluga-mycia-i-czyszczenia-blach-piekarniczych\/\" \/>\n<meta property=\"og:locale\" content=\"pl_PL\" \/>\n<meta property=\"og:type\" content=\"article\" \/>\n<meta property=\"og:title\" content=\"Us\u0142ugowe czyszczenie blach i form piekarniczych \u2013 d\u0142u\u017csza \u017cywotno\u015b\u0107 sprz\u0119tu\" \/>\n<meta property=\"og:description\" content=\"Chcesz zadba\u0107 o higien\u0119 w swojej piekarni? Profesjonalne czyszczenie blach piekarniczych na terenie naszego zak\u0142adu \u2013 bezpieczne i skuteczne us\u0142ugi dla piekarni.\" \/>\n<meta property=\"og:url\" content=\"https:\/\/sulima.pl\/index.php\/nasze-uslugi-i-realizacje\/usluga-mycia-i-czyszczenia-blach-piekarniczych\/\" \/>\n<meta property=\"og:site_name\" content=\"Sulima | Producent chemii dla domu i przemys\u0142u\" \/>\n<meta property=\"article:modified_time\" content=\"2024-10-22T09:29:18+00:00\" \/>\n<meta property=\"og:image\" content=\"https:\/\/sulima.pl\/wp-content\/uploads\/2021\/02\/blach2-300x225.jpg\" \/>\n<meta name=\"twitter:card\" content=\"summary_large_image\" \/>\n<meta name=\"twitter:label1\" content=\"Szacowany czas czytania\" \/>\n\t<meta name=\"twitter:data1\" content=\"3 minuty\" \/>\n<script type=\"application\/ld+json\" class=\"yoast-schema-graph\">{\"@context\":\"https:\/\/schema.org\",\"@graph\":[{\"@type\":\"WebPage\",\"@id\":\"https:\/\/sulima.pl\/index.php\/nasze-uslugi-i-realizacje\/usluga-mycia-i-czyszczenia-blach-piekarniczych\/\",\"url\":\"https:\/\/sulima.pl\/index.php\/nasze-uslugi-i-realizacje\/usluga-mycia-i-czyszczenia-blach-piekarniczych\/\",\"name\":\"Us\u0142ugowe czyszczenie blach i form piekarniczych \u2013 d\u0142u\u017csza \u017cywotno\u015b\u0107 sprz\u0119tu\",\"isPartOf\":{\"@id\":\"https:\/\/sulima.pl\/#website\"},\"primaryImageOfPage\":{\"@id\":\"https:\/\/sulima.pl\/index.php\/nasze-uslugi-i-realizacje\/usluga-mycia-i-czyszczenia-blach-piekarniczych\/#primaryimage\"},\"image\":{\"@id\":\"https:\/\/sulima.pl\/index.php\/nasze-uslugi-i-realizacje\/usluga-mycia-i-czyszczenia-blach-piekarniczych\/#primaryimage\"},\"thumbnailUrl\":\"https:\/\/sulima.pl\/wp-content\/uploads\/2021\/02\/blach2-300x225.jpg\",\"datePublished\":\"2024-10-22T09:18:01+00:00\",\"dateModified\":\"2024-10-22T09:29:18+00:00\",\"description\":\"Chcesz zadba\u0107 o higien\u0119 w swojej piekarni? Profesjonalne czyszczenie blach piekarniczych na terenie naszego zak\u0142adu \u2013 bezpieczne i skuteczne us\u0142ugi dla piekarni.\",\"breadcrumb\":{\"@id\":\"https:\/\/sulima.pl\/index.php\/nasze-uslugi-i-realizacje\/usluga-mycia-i-czyszczenia-blach-piekarniczych\/#breadcrumb\"},\"inLanguage\":\"pl-PL\",\"potentialAction\":[{\"@type\":\"ReadAction\",\"target\":[\"https:\/\/sulima.pl\/index.php\/nasze-uslugi-i-realizacje\/usluga-mycia-i-czyszczenia-blach-piekarniczych\/\"]}]},{\"@type\":\"ImageObject\",\"inLanguage\":\"pl-PL\",\"@id\":\"https:\/\/sulima.pl\/index.php\/nasze-uslugi-i-realizacje\/usluga-mycia-i-czyszczenia-blach-piekarniczych\/#primaryimage\",\"url\":\"https:\/\/sulima.pl\/wp-content\/uploads\/2021\/02\/blach2.jpg\",\"contentUrl\":\"https:\/\/sulima.pl\/wp-content\/uploads\/2021\/02\/blach2.jpg\",\"width\":1600,\"height\":1200},{\"@type\":\"BreadcrumbList\",\"@id\":\"https:\/\/sulima.pl\/index.php\/nasze-uslugi-i-realizacje\/usluga-mycia-i-czyszczenia-blach-piekarniczych\/#breadcrumb\",\"itemListElement\":[{\"@type\":\"ListItem\",\"position\":1,\"name\":\"Strona g\u0142\u00f3wna\",\"item\":\"https:\/\/sulima.pl\/\"},{\"@type\":\"ListItem\",\"position\":2,\"name\":\"Nasze us\u0142ugi i realizacje v1\",\"item\":\"https:\/\/sulima.pl\/index.php\/nasze-uslugi-i-realizacje\/\"},{\"@type\":\"ListItem\",\"position\":3,\"name\":\"Us\u0142uga mycia i czyszczenia blach piekarniczych\"}]},{\"@type\":\"WebSite\",\"@id\":\"https:\/\/sulima.pl\/#website\",\"url\":\"https:\/\/sulima.pl\/\",\"name\":\"Sulima | Producent chemii dla domu i przemys\u0142u\",\"description\":\"pasty \u017cele do mycia r\u0105k p\u0142yny koncentraty myj\u0105ce \u015brodki chemiczne\",\"potentialAction\":[{\"@type\":\"SearchAction\",\"target\":{\"@type\":\"EntryPoint\",\"urlTemplate\":\"https:\/\/sulima.pl\/?s={search_term_string}\"},\"query-input\":{\"@type\":\"PropertyValueSpecification\",\"valueRequired\":true,\"valueName\":\"search_term_string\"}}],\"inLanguage\":\"pl-PL\"}]}<\/script>\n<!-- \/ Yoast SEO plugin. -->","yoast_head_json":{"title":"Us\u0142ugowe czyszczenie blach i form piekarniczych \u2013 d\u0142u\u017csza \u017cywotno\u015b\u0107 sprz\u0119tu","description":"Chcesz zadba\u0107 o higien\u0119 w swojej piekarni? Profesjonalne czyszczenie blach piekarniczych na terenie naszego zak\u0142adu \u2013 bezpieczne i skuteczne us\u0142ugi dla piekarni.","robots":{"index":"index","follow":"follow","max-snippet":"max-snippet:-1","max-image-preview":"max-image-preview:large","max-video-preview":"max-video-preview:-1"},"canonical":"https:\/\/sulima.pl\/index.php\/nasze-uslugi-i-realizacje\/usluga-mycia-i-czyszczenia-blach-piekarniczych\/","og_locale":"pl_PL","og_type":"article","og_title":"Us\u0142ugowe czyszczenie blach i form piekarniczych \u2013 d\u0142u\u017csza \u017cywotno\u015b\u0107 sprz\u0119tu","og_description":"Chcesz zadba\u0107 o higien\u0119 w swojej piekarni? Profesjonalne czyszczenie blach piekarniczych na terenie naszego zak\u0142adu \u2013 bezpieczne i skuteczne us\u0142ugi dla piekarni.","og_url":"https:\/\/sulima.pl\/index.php\/nasze-uslugi-i-realizacje\/usluga-mycia-i-czyszczenia-blach-piekarniczych\/","og_site_name":"Sulima | Producent chemii dla domu i przemys\u0142u","article_modified_time":"2024-10-22T09:29:18+00:00","og_image":[{"url":"https:\/\/sulima.pl\/wp-content\/uploads\/2021\/02\/blach2-300x225.jpg"}],"twitter_card":"summary_large_image","twitter_misc":{"Szacowany czas czytania":"3 minuty"},"schema":{"@context":"https:\/\/schema.org","@graph":[{"@type":"WebPage","@id":"https:\/\/sulima.pl\/index.php\/nasze-uslugi-i-realizacje\/usluga-mycia-i-czyszczenia-blach-piekarniczych\/","url":"https:\/\/sulima.pl\/index.php\/nasze-uslugi-i-realizacje\/usluga-mycia-i-czyszczenia-blach-piekarniczych\/","name":"Us\u0142ugowe czyszczenie blach i form piekarniczych \u2013 d\u0142u\u017csza \u017cywotno\u015b\u0107 sprz\u0119tu","isPartOf":{"@id":"https:\/\/sulima.pl\/#website"},"primaryImageOfPage":{"@id":"https:\/\/sulima.pl\/index.php\/nasze-uslugi-i-realizacje\/usluga-mycia-i-czyszczenia-blach-piekarniczych\/#primaryimage"},"image":{"@id":"https:\/\/sulima.pl\/index.php\/nasze-uslugi-i-realizacje\/usluga-mycia-i-czyszczenia-blach-piekarniczych\/#primaryimage"},"thumbnailUrl":"https:\/\/sulima.pl\/wp-content\/uploads\/2021\/02\/blach2-300x225.jpg","datePublished":"2024-10-22T09:18:01+00:00","dateModified":"2024-10-22T09:29:18+00:00","description":"Chcesz zadba\u0107 o higien\u0119 w swojej piekarni? Profesjonalne czyszczenie blach piekarniczych na terenie naszego zak\u0142adu \u2013 bezpieczne i skuteczne us\u0142ugi dla piekarni.","breadcrumb":{"@id":"https:\/\/sulima.pl\/index.php\/nasze-uslugi-i-realizacje\/usluga-mycia-i-czyszczenia-blach-piekarniczych\/#breadcrumb"},"inLanguage":"pl-PL","potentialAction":[{"@type":"ReadAction","target":["https:\/\/sulima.pl\/index.php\/nasze-uslugi-i-realizacje\/usluga-mycia-i-czyszczenia-blach-piekarniczych\/"]}]},{"@type":"ImageObject","inLanguage":"pl-PL","@id":"https:\/\/sulima.pl\/index.php\/nasze-uslugi-i-realizacje\/usluga-mycia-i-czyszczenia-blach-piekarniczych\/#primaryimage","url":"https:\/\/sulima.pl\/wp-content\/uploads\/2021\/02\/blach2.jpg","contentUrl":"https:\/\/sulima.pl\/wp-content\/uploads\/2021\/02\/blach2.jpg","width":1600,"height":1200},{"@type":"BreadcrumbList","@id":"https:\/\/sulima.pl\/index.php\/nasze-uslugi-i-realizacje\/usluga-mycia-i-czyszczenia-blach-piekarniczych\/#breadcrumb","itemListElement":[{"@type":"ListItem","position":1,"name":"Strona g\u0142\u00f3wna","item":"https:\/\/sulima.pl\/"},{"@type":"ListItem","position":2,"name":"Nasze us\u0142ugi i realizacje v1","item":"https:\/\/sulima.pl\/index.php\/nasze-uslugi-i-realizacje\/"},{"@type":"ListItem","position":3,"name":"Us\u0142uga mycia i czyszczenia blach piekarniczych"}]},{"@type":"WebSite","@id":"https:\/\/sulima.pl\/#website","url":"https:\/\/sulima.pl\/","name":"Sulima | Producent chemii dla domu i przemys\u0142u","description":"pasty \u017cele do mycia r\u0105k p\u0142yny koncentraty myj\u0105ce \u015brodki chemiczne","potentialAction":[{"@type":"SearchAction","target":{"@type":"EntryPoint","urlTemplate":"https:\/\/sulima.pl\/?s={search_term_string}"},"query-input":{"@type":"PropertyValueSpecification","valueRequired":true,"valueName":"search_term_string"}}],"inLanguage":"pl-PL"}]}},"_links":{"self":[{"href":"https:\/\/sulima.pl\/index.php\/wp-json\/wp\/v2\/pages\/10551"}],"collection":[{"href":"https:\/\/sulima.pl\/index.php\/wp-json\/wp\/v2\/pages"}],"about":[{"href":"https:\/\/sulima.pl\/index.php\/wp-json\/wp\/v2\/types\/page"}],"author":[{"embeddable":true,"href":"https:\/\/sulima.pl\/index.php\/wp-json\/wp\/v2\/users\/57"}],"replies":[{"embeddable":true,"href":"https:\/\/sulima.pl\/index.php\/wp-json\/wp\/v2\/comments?post=10551"}],"version-history":[{"count":5,"href":"https:\/\/sulima.pl\/index.php\/wp-json\/wp\/v2\/pages\/10551\/revisions"}],"predecessor-version":[{"id":10556,"href":"https:\/\/sulima.pl\/index.php\/wp-json\/wp\/v2\/pages\/10551\/revisions\/10556"}],"up":[{"embeddable":true,"href":"https:\/\/sulima.pl\/index.php\/wp-json\/wp\/v2\/pages\/5956"}],"wp:attachment":[{"href":"https:\/\/sulima.pl\/index.php\/wp-json\/wp\/v2\/media?parent=10551"}],"curies":[{"name":"wp","href":"https:\/\/api.w.org\/{rel}","templated":true}]}}