{"id":10417,"date":"2024-09-09T14:18:03","date_gmt":"2024-09-09T12:18:03","guid":{"rendered":"https:\/\/sulima.pl\/?page_id=10417"},"modified":"2024-09-09T14:33:35","modified_gmt":"2024-09-09T12:33:35","slug":"kompleksowe-uslugi-mycia-instalacji-przemyslowych","status":"publish","type":"page","link":"https:\/\/sulima.pl\/index.php\/nasze-uslugi-i-realizacje\/kompleksowe-uslugi-mycia-instalacji-przemyslowych\/","title":{"rendered":"Kompleksowe us\u0142ugi mycia instalacji przemys\u0142owych"},"content":{"rendered":"[vc_row type=&#8221;in_container&#8221; full_screen_row_position=&#8221;middle&#8221; column_margin=&#8221;default&#8221; column_direction=&#8221;default&#8221; column_direction_tablet=&#8221;default&#8221; column_direction_phone=&#8221;default&#8221; scene_position=&#8221;center&#8221; text_color=&#8221;dark&#8221; text_align=&#8221;left&#8221; row_border_radius=&#8221;none&#8221; row_border_radius_applies=&#8221;bg&#8221; overlay_strength=&#8221;0.3&#8243; gradient_direction=&#8221;left_to_right&#8221; shape_divider_position=&#8221;bottom&#8221; bg_image_animation=&#8221;none&#8221;][vc_column column_padding=&#8221;no-extra-padding&#8221; column_padding_tablet=&#8221;inherit&#8221; column_padding_phone=&#8221;inherit&#8221; column_padding_position=&#8221;all&#8221; background_color_opacity=&#8221;1&#8243; background_hover_color_opacity=&#8221;1&#8243; column_shadow=&#8221;none&#8221; column_border_radius=&#8221;none&#8221; column_link_target=&#8221;_self&#8221; gradient_direction=&#8221;left_to_right&#8221; overlay_strength=&#8221;0.3&#8243; width=&#8221;1\/1&#8243; tablet_width_inherit=&#8221;default&#8221; tablet_text_alignment=&#8221;default&#8221; phone_text_alignment=&#8221;default&#8221; column_border_width=&#8221;none&#8221; column_border_style=&#8221;solid&#8221; bg_image_animation=&#8221;none&#8221;][divider line_type=&#8221;No Line&#8221; custom_height=&#8221;50&#8243;][vc_column_text]<span style=\"font-weight: 400;\">Profesjonalne us\u0142ugi mycia instalacji przemys\u0142owych to kluczowy element utrzymania efektywno\u015bci produkcji w r\u00f3\u017cnych bran\u017cach. W przemy\u015ble celulozowo-papierniczym, przemy\u015ble ci\u0119\u017ckim oraz drzewnym regularne czyszczenie instalacji i element\u00f3w ale przede wszystkim bezpiecze\u0144stwa i wydajno\u015bci operacyjnej. Zaniedbanie tego aspektu mo\u017ce prowadzi\u0107 do powa\u017cnych awarii, kt\u00f3re z kolei generuj\u0105 wysokie koszty napraw i przestoj\u00f3w produkcji.<\/span><\/p>\n<p><span style=\"font-weight: 400;\">Jeste\u015bmy profesjonalistami oferuj\u0105cymi kompleksowe us\u0142ugi mycia instalacji przemys\u0142owych. Dysponujemy nowoczesnym sprz\u0119tem oraz wyspecjalizowan\u0105 kadr\u0105, kt\u00f3ra doskonale zna specyfik\u0119 ka\u017cdego z wymienionych sektor\u00f3w. Dzi\u0119ki temu zapewniamy kompleksowe i skuteczne czyszczenie, kt\u00f3re jest dostosowane do indywidualnych potrzeb danego zak\u0142adu.<\/span><\/p>\n<h2><b>Czyszczenie posadzek w ch\u0142odniach i mro\u017aniach<\/b><\/h2>\n<p><span style=\"font-weight: 400;\">Czyszczenie posadzek w ch\u0142odniach i mro\u017aniach to zadanie, kt\u00f3re wymaga szczeg\u00f3lnej uwagi i precyzji. W miejscach o niskiej temperaturze, takich jak ch\u0142odnie i mro\u017anie, zanieczyszczenia mog\u0105 szybko si\u0119 gromadzi\u0107, co mo\u017ce prowadzi\u0107 do obni\u017cenia standard\u00f3w higieny oraz zwi\u0119kszonego ryzyka po\u015blizgni\u0119\u0107 i upadk\u00f3w.<\/span><\/p>\n<p><span style=\"font-weight: 400;\">Oferujemy specjalistyczne us\u0142ugi, kt\u00f3re s\u0105 dostosowane do specyfiki tych \u015brodowisk. Wykorzystujemy \u015brodki czysto\u015bci skuteczne nawet w ekstremalnie niskich temperaturach, a tak\u017ce technologie umo\u017cliwiaj\u0105ce dok\u0142adne czyszczenie bez ryzyka uszkodzenia posadzek.<\/span>[\/vc_column_text][\/vc_column][\/vc_row][vc_row type=&#8221;in_container&#8221; full_screen_row_position=&#8221;middle&#8221; column_margin=&#8221;default&#8221; column_direction=&#8221;default&#8221; column_direction_tablet=&#8221;default&#8221; column_direction_phone=&#8221;default&#8221; scene_position=&#8221;center&#8221; text_color=&#8221;dark&#8221; text_align=&#8221;left&#8221; row_border_radius=&#8221;none&#8221; row_border_radius_applies=&#8221;bg&#8221; overlay_strength=&#8221;0.3&#8243; gradient_direction=&#8221;left_to_right&#8221; shape_divider_position=&#8221;bottom&#8221; bg_image_animation=&#8221;none&#8221;][vc_column column_padding=&#8221;no-extra-padding&#8221; column_padding_tablet=&#8221;inherit&#8221; column_padding_phone=&#8221;inherit&#8221; column_padding_position=&#8221;all&#8221; background_color_opacity=&#8221;1&#8243; background_hover_color_opacity=&#8221;1&#8243; column_shadow=&#8221;none&#8221; column_border_radius=&#8221;none&#8221; column_link_target=&#8221;_self&#8221; gradient_direction=&#8221;left_to_right&#8221; overlay_strength=&#8221;0.3&#8243; width=&#8221;1\/1&#8243; tablet_width_inherit=&#8221;default&#8221; tablet_text_alignment=&#8221;default&#8221; phone_text_alignment=&#8221;default&#8221; column_border_width=&#8221;none&#8221; column_border_style=&#8221;solid&#8221; bg_image_animation=&#8221;none&#8221;][vc_row_inner column_margin=&#8221;default&#8221; column_direction=&#8221;default&#8221; column_direction_tablet=&#8221;default&#8221; column_direction_phone=&#8221;default&#8221; text_align=&#8221;left&#8221;][vc_column_inner column_padding=&#8221;no-extra-padding&#8221; column_padding_tablet=&#8221;inherit&#8221; column_padding_phone=&#8221;inherit&#8221; column_padding_position=&#8221;all&#8221; background_color_opacity=&#8221;1&#8243; background_hover_color_opacity=&#8221;1&#8243; column_shadow=&#8221;none&#8221; column_border_radius=&#8221;none&#8221; column_link_target=&#8221;_self&#8221; gradient_direction=&#8221;left_to_right&#8221; overlay_strength=&#8221;0.3&#8243; width=&#8221;1\/2&#8243; tablet_width_inherit=&#8221;default&#8221; column_border_width=&#8221;none&#8221; column_border_style=&#8221;solid&#8221; bg_image_animation=&#8221;none&#8221;][image_with_animation image_url=&#8221;6143&#8243; animation=&#8221;Fade In&#8221; hover_animation=&#8221;none&#8221; alignment=&#8221;&#8221; border_radius=&#8221;none&#8221; box_shadow=&#8221;none&#8221; image_loading=&#8221;default&#8221; max_width=&#8221;100%&#8221; max_width_mobile=&#8221;default&#8221;][\/vc_column_inner][vc_column_inner column_padding=&#8221;no-extra-padding&#8221; column_padding_tablet=&#8221;inherit&#8221; column_padding_phone=&#8221;inherit&#8221; column_padding_position=&#8221;all&#8221; background_color_opacity=&#8221;1&#8243; background_hover_color_opacity=&#8221;1&#8243; column_shadow=&#8221;none&#8221; column_border_radius=&#8221;none&#8221; column_link_target=&#8221;_self&#8221; gradient_direction=&#8221;left_to_right&#8221; overlay_strength=&#8221;0.3&#8243; width=&#8221;1\/2&#8243; tablet_width_inherit=&#8221;default&#8221; column_border_width=&#8221;none&#8221; column_border_style=&#8221;solid&#8221; bg_image_animation=&#8221;none&#8221;][vc_column_text]\n<h2><b>Profesjonalizm dostosowany do potrzeb klienta<\/b><\/h2>\n<p><span style=\"font-weight: 400;\">Kluczowym elementem wyr\u00f3\u017cniaj\u0105cym profesjonalne us\u0142ugi mycia instalacji przemys\u0142owych jest ich pe\u0142ne dostosowanie do indywidualnych potrzeb klienta. Ka\u017cda instalacja, maszyna czy powierzchnia wymaga innego podej\u015bcia, kt\u00f3re uwzgl\u0119dnia specyfik\u0119 danego sektora oraz warunki, w jakich funkcjonuje.<\/span><\/p>\n<p><span style=\"font-weight: 400;\">Zawsze opieramy swoje dzia\u0142ania na gruntownej wiedzy i wieloletnim do\u015bwiadczeniu. Przed przyst\u0105pieniem do prac przeprowadzamy szczeg\u00f3\u0142ow\u0105 analiz\u0119, kt\u00f3ra pozwala na dobranie odpowiednich \u015brodk\u00f3w czysto\u015bci oraz metod mycia. Dzi\u0119ki temu proces czyszczenia jest nie tylko skuteczny, ale tak\u017ce bezpieczny dla maszyn i instalacji. Wykorzystanie odpowiednich technologii oraz \u015brodk\u00f3w chemicznych sprawia, \u017ce czyszczenie jest efektywne, a jednocze\u015bnie zgodne z wymogami ekologicznymi i bezpiecze\u0144stwa pracy.<\/span><\/p>\n<p><span style=\"font-weight: 400;\">Profesjonalne us\u0142ugi mycia instalacji przemys\u0142owych to gwarancja, \u017ce ka\u017cdy zak\u0142ad produkcyjny b\u0119dzie dzia\u0142a\u0142 na najwy\u017cszych obrotach, minimalizuj\u0105c ryzyko awarii i przestoj\u00f3w, a tak\u017ce dbaj\u0105c o zgodno\u015b\u0107 z normami sanitarnymi i bezpiecze\u0144stwa. Je\u015bli szukasz specjalist\u00f3w w tej dziedzinie, skontaktuj si\u0119 z nami. Zaufaj profesjonalistom.\u00a0<\/span>[\/vc_column_text][\/vc_column_inner][\/vc_row_inner][\/vc_column][\/vc_row]\n","protected":false},"excerpt":{"rendered":"<p>[vc_row type=&#8221;in_container&#8221; full_screen_row_position=&#8221;middle&#8221; column_margin=&#8221;default&#8221; column_direction=&#8221;default&#8221; column_direction_tablet=&#8221;default&#8221; column_direction_phone=&#8221;default&#8221; scene_position=&#8221;center&#8221; text_color=&#8221;dark&#8221; text_align=&#8221;left&#8221; row_border_radius=&#8221;none&#8221; row_border_radius_applies=&#8221;bg&#8221; overlay_strength=&#8221;0.3&#8243; gradient_direction=&#8221;left_to_right&#8221; shape_divider_position=&#8221;bottom&#8221; bg_image_animation=&#8221;none&#8221;][vc_column column_padding=&#8221;no-extra-padding&#8221; column_padding_tablet=&#8221;inherit&#8221; column_padding_phone=&#8221;inherit&#8221; column_padding_position=&#8221;all&#8221; background_color_opacity=&#8221;1&#8243; background_hover_color_opacity=&#8221;1&#8243; column_shadow=&#8221;none&#8221; column_border_radius=&#8221;none&#8221; column_link_target=&#8221;_self&#8221;&#8230;<\/p>\n","protected":false},"author":57,"featured_media":0,"parent":5956,"menu_order":0,"comment_status":"closed","ping_status":"closed","template":"","meta":{"footnotes":""},"yoast_head":"<!-- This site is optimized with the Yoast SEO plugin v23.6 - https:\/\/yoast.com\/wordpress\/plugins\/seo\/ -->\n<title>Profesjonalne czyszczenie maszyn oraz instalacji w przemy\u015ble<\/title>\n<meta name=\"description\" content=\"Oferujemy profesjonalne mycie instalacji i maszyn w przemy\u015ble ci\u0119\u017ckim oraz drzewnym. Dostosowane us\u0142ugi czyszczenia, kt\u00f3re zwi\u0119kszaj\u0105 efektywno\u015b\u0107 i bezpiecze\u0144stwo.\" \/>\n<meta name=\"robots\" content=\"index, follow, max-snippet:-1, max-image-preview:large, max-video-preview:-1\" \/>\n<link rel=\"canonical\" href=\"https:\/\/sulima.pl\/index.php\/nasze-uslugi-i-realizacje\/kompleksowe-uslugi-mycia-instalacji-przemyslowych\/\" \/>\n<meta property=\"og:locale\" content=\"pl_PL\" \/>\n<meta property=\"og:type\" content=\"article\" \/>\n<meta property=\"og:title\" content=\"Profesjonalne czyszczenie maszyn oraz instalacji w przemy\u015ble\" \/>\n<meta property=\"og:description\" content=\"Oferujemy profesjonalne mycie instalacji i maszyn w przemy\u015ble ci\u0119\u017ckim oraz drzewnym. Dostosowane us\u0142ugi czyszczenia, kt\u00f3re zwi\u0119kszaj\u0105 efektywno\u015b\u0107 i bezpiecze\u0144stwo.\" \/>\n<meta property=\"og:url\" content=\"https:\/\/sulima.pl\/index.php\/nasze-uslugi-i-realizacje\/kompleksowe-uslugi-mycia-instalacji-przemyslowych\/\" \/>\n<meta property=\"og:site_name\" content=\"Sulima | Producent chemii dla domu i przemys\u0142u\" \/>\n<meta property=\"article:modified_time\" content=\"2024-09-09T12:33:35+00:00\" \/>\n<meta name=\"twitter:card\" content=\"summary_large_image\" \/>\n<script type=\"application\/ld+json\" class=\"yoast-schema-graph\">{\"@context\":\"https:\/\/schema.org\",\"@graph\":[{\"@type\":\"WebPage\",\"@id\":\"https:\/\/sulima.pl\/index.php\/nasze-uslugi-i-realizacje\/kompleksowe-uslugi-mycia-instalacji-przemyslowych\/\",\"url\":\"https:\/\/sulima.pl\/index.php\/nasze-uslugi-i-realizacje\/kompleksowe-uslugi-mycia-instalacji-przemyslowych\/\",\"name\":\"Profesjonalne czyszczenie maszyn oraz instalacji w przemy\u015ble\",\"isPartOf\":{\"@id\":\"https:\/\/de.sulima.eu\/#website\"},\"datePublished\":\"2024-09-09T12:18:03+00:00\",\"dateModified\":\"2024-09-09T12:33:35+00:00\",\"description\":\"Oferujemy profesjonalne mycie instalacji i maszyn w przemy\u015ble ci\u0119\u017ckim oraz drzewnym. Dostosowane us\u0142ugi czyszczenia, kt\u00f3re zwi\u0119kszaj\u0105 efektywno\u015b\u0107 i bezpiecze\u0144stwo.\",\"breadcrumb\":{\"@id\":\"https:\/\/sulima.pl\/index.php\/nasze-uslugi-i-realizacje\/kompleksowe-uslugi-mycia-instalacji-przemyslowych\/#breadcrumb\"},\"inLanguage\":\"pl-PL\",\"potentialAction\":[{\"@type\":\"ReadAction\",\"target\":[\"https:\/\/sulima.pl\/index.php\/nasze-uslugi-i-realizacje\/kompleksowe-uslugi-mycia-instalacji-przemyslowych\/\"]}]},{\"@type\":\"BreadcrumbList\",\"@id\":\"https:\/\/sulima.pl\/index.php\/nasze-uslugi-i-realizacje\/kompleksowe-uslugi-mycia-instalacji-przemyslowych\/#breadcrumb\",\"itemListElement\":[{\"@type\":\"ListItem\",\"position\":1,\"name\":\"Strona g\u0142\u00f3wna\",\"item\":\"https:\/\/sulima.pl\/\"},{\"@type\":\"ListItem\",\"position\":2,\"name\":\"Nasze us\u0142ugi i realizacje v1\",\"item\":\"https:\/\/sulima.pl\/index.php\/nasze-uslugi-i-realizacje\/\"},{\"@type\":\"ListItem\",\"position\":3,\"name\":\"Kompleksowe us\u0142ugi mycia instalacji przemys\u0142owych\"}]},{\"@type\":\"WebSite\",\"@id\":\"https:\/\/de.sulima.eu\/#website\",\"url\":\"https:\/\/de.sulima.eu\/\",\"name\":\"Sulima | Producent chemii dla domu i przemys\u0142u\",\"description\":\"pasty \u017cele do mycia r\u0105k p\u0142yny koncentraty myj\u0105ce \u015brodki chemiczne\",\"potentialAction\":[{\"@type\":\"SearchAction\",\"target\":{\"@type\":\"EntryPoint\",\"urlTemplate\":\"https:\/\/de.sulima.eu\/?s={search_term_string}\"},\"query-input\":{\"@type\":\"PropertyValueSpecification\",\"valueRequired\":true,\"valueName\":\"search_term_string\"}}],\"inLanguage\":\"pl-PL\"}]}<\/script>\n<!-- \/ Yoast SEO plugin. -->","yoast_head_json":{"title":"Profesjonalne czyszczenie maszyn oraz instalacji w przemy\u015ble","description":"Oferujemy profesjonalne mycie instalacji i maszyn w przemy\u015ble ci\u0119\u017ckim oraz drzewnym. Dostosowane us\u0142ugi czyszczenia, kt\u00f3re zwi\u0119kszaj\u0105 efektywno\u015b\u0107 i bezpiecze\u0144stwo.","robots":{"index":"index","follow":"follow","max-snippet":"max-snippet:-1","max-image-preview":"max-image-preview:large","max-video-preview":"max-video-preview:-1"},"canonical":"https:\/\/sulima.pl\/index.php\/nasze-uslugi-i-realizacje\/kompleksowe-uslugi-mycia-instalacji-przemyslowych\/","og_locale":"pl_PL","og_type":"article","og_title":"Profesjonalne czyszczenie maszyn oraz instalacji w przemy\u015ble","og_description":"Oferujemy profesjonalne mycie instalacji i maszyn w przemy\u015ble ci\u0119\u017ckim oraz drzewnym. Dostosowane us\u0142ugi czyszczenia, kt\u00f3re zwi\u0119kszaj\u0105 efektywno\u015b\u0107 i bezpiecze\u0144stwo.","og_url":"https:\/\/sulima.pl\/index.php\/nasze-uslugi-i-realizacje\/kompleksowe-uslugi-mycia-instalacji-przemyslowych\/","og_site_name":"Sulima | Producent chemii dla domu i przemys\u0142u","article_modified_time":"2024-09-09T12:33:35+00:00","twitter_card":"summary_large_image","schema":{"@context":"https:\/\/schema.org","@graph":[{"@type":"WebPage","@id":"https:\/\/sulima.pl\/index.php\/nasze-uslugi-i-realizacje\/kompleksowe-uslugi-mycia-instalacji-przemyslowych\/","url":"https:\/\/sulima.pl\/index.php\/nasze-uslugi-i-realizacje\/kompleksowe-uslugi-mycia-instalacji-przemyslowych\/","name":"Profesjonalne czyszczenie maszyn oraz instalacji w przemy\u015ble","isPartOf":{"@id":"https:\/\/de.sulima.eu\/#website"},"datePublished":"2024-09-09T12:18:03+00:00","dateModified":"2024-09-09T12:33:35+00:00","description":"Oferujemy profesjonalne mycie instalacji i maszyn w przemy\u015ble ci\u0119\u017ckim oraz drzewnym. Dostosowane us\u0142ugi czyszczenia, kt\u00f3re zwi\u0119kszaj\u0105 efektywno\u015b\u0107 i bezpiecze\u0144stwo.","breadcrumb":{"@id":"https:\/\/sulima.pl\/index.php\/nasze-uslugi-i-realizacje\/kompleksowe-uslugi-mycia-instalacji-przemyslowych\/#breadcrumb"},"inLanguage":"pl-PL","potentialAction":[{"@type":"ReadAction","target":["https:\/\/sulima.pl\/index.php\/nasze-uslugi-i-realizacje\/kompleksowe-uslugi-mycia-instalacji-przemyslowych\/"]}]},{"@type":"BreadcrumbList","@id":"https:\/\/sulima.pl\/index.php\/nasze-uslugi-i-realizacje\/kompleksowe-uslugi-mycia-instalacji-przemyslowych\/#breadcrumb","itemListElement":[{"@type":"ListItem","position":1,"name":"Strona g\u0142\u00f3wna","item":"https:\/\/sulima.pl\/"},{"@type":"ListItem","position":2,"name":"Nasze us\u0142ugi i realizacje v1","item":"https:\/\/sulima.pl\/index.php\/nasze-uslugi-i-realizacje\/"},{"@type":"ListItem","position":3,"name":"Kompleksowe us\u0142ugi mycia instalacji przemys\u0142owych"}]},{"@type":"WebSite","@id":"https:\/\/de.sulima.eu\/#website","url":"https:\/\/de.sulima.eu\/","name":"Sulima | Producent chemii dla domu i przemys\u0142u","description":"pasty \u017cele do mycia r\u0105k p\u0142yny koncentraty myj\u0105ce \u015brodki chemiczne","potentialAction":[{"@type":"SearchAction","target":{"@type":"EntryPoint","urlTemplate":"https:\/\/de.sulima.eu\/?s={search_term_string}"},"query-input":{"@type":"PropertyValueSpecification","valueRequired":true,"valueName":"search_term_string"}}],"inLanguage":"pl-PL"}]}},"_links":{"self":[{"href":"https:\/\/sulima.pl\/index.php\/wp-json\/wp\/v2\/pages\/10417"}],"collection":[{"href":"https:\/\/sulima.pl\/index.php\/wp-json\/wp\/v2\/pages"}],"about":[{"href":"https:\/\/sulima.pl\/index.php\/wp-json\/wp\/v2\/types\/page"}],"author":[{"embeddable":true,"href":"https:\/\/sulima.pl\/index.php\/wp-json\/wp\/v2\/users\/57"}],"replies":[{"embeddable":true,"href":"https:\/\/sulima.pl\/index.php\/wp-json\/wp\/v2\/comments?post=10417"}],"version-history":[{"count":0,"href":"https:\/\/sulima.pl\/index.php\/wp-json\/wp\/v2\/pages\/10417\/revisions"}],"up":[{"embeddable":true,"href":"https:\/\/sulima.pl\/index.php\/wp-json\/wp\/v2\/pages\/5956"}],"wp:attachment":[{"href":"https:\/\/sulima.pl\/index.php\/wp-json\/wp\/v2\/media?parent=10417"}],"curies":[{"name":"wp","href":"https:\/\/api.w.org\/{rel}","templated":true}]}}